{"id":19,"date":"2021-12-26T13:22:47","date_gmt":"2021-12-26T13:22:47","guid":{"rendered":"http:\/\/www.juurikkahaanratsutila.fi\/?page_id=19"},"modified":"2024-01-26T13:40:32","modified_gmt":"2024-01-26T13:40:32","slug":"ajankohtaista","status":"publish","type":"page","link":"http:\/\/www.juurikkahaanratsutila.fi\/index.php\/ajankohtaista\/","title":{"rendered":"Ajankohtaista"},"content":{"rendered":"\n<p>(P\u00e4ivitetty 1.1.2024)<\/p>\n\n\n\n<p>Kurssi t\u00e4ynn\u00e4!<\/p>\n\n\n\n<figure class=\"wp-block-image size-large\"><img loading=\"lazy\" decoding=\"async\" width=\"461\" height=\"1024\" src=\"https:\/\/www.juurikkahaanratsutila.fi\/wp-content\/uploads\/2024\/01\/Screenshot_20240101_104306_Canva-461x1024.jpg\" alt=\"\" class=\"wp-image-266\" srcset=\"http:\/\/www.juurikkahaanratsutila.fi\/wp-content\/uploads\/2024\/01\/Screenshot_20240101_104306_Canva-461x1024.jpg 461w, http:\/\/www.juurikkahaanratsutila.fi\/wp-content\/uploads\/2024\/01\/Screenshot_20240101_104306_Canva-135x300.jpg 135w, http:\/\/www.juurikkahaanratsutila.fi\/wp-content\/uploads\/2024\/01\/Screenshot_20240101_104306_Canva-691x1536.jpg 691w, http:\/\/www.juurikkahaanratsutila.fi\/wp-content\/uploads\/2024\/01\/Screenshot_20240101_104306_Canva.jpg 720w\" sizes=\"auto, (max-width: 461px) 100vw, 461px\" \/><\/figure>\n\n\n\n<p><\/p>\n\n\n\n<p><\/p>\n\n\n\n<figure class=\"wp-block-image size-large\"><img loading=\"lazy\" decoding=\"async\" width=\"1024\" height=\"498\" src=\"http:\/\/www.juurikkahaanratsutila.fi\/wp-content\/uploads\/2021\/12\/20210710_144216-1024x498.jpg\" alt=\"\" class=\"wp-image-146\" srcset=\"http:\/\/www.juurikkahaanratsutila.fi\/wp-content\/uploads\/2021\/12\/20210710_144216-1024x498.jpg 1024w, http:\/\/www.juurikkahaanratsutila.fi\/wp-content\/uploads\/2021\/12\/20210710_144216-300x146.jpg 300w, http:\/\/www.juurikkahaanratsutila.fi\/wp-content\/uploads\/2021\/12\/20210710_144216-768x373.jpg 768w, http:\/\/www.juurikkahaanratsutila.fi\/wp-content\/uploads\/2021\/12\/20210710_144216-1536x746.jpg 1536w, http:\/\/www.juurikkahaanratsutila.fi\/wp-content\/uploads\/2021\/12\/20210710_144216-2048x995.jpg 2048w\" sizes=\"auto, (max-width: 706px) 89vw, (max-width: 767px) 82vw, 740px\" \/><\/figure>\n","protected":false},"excerpt":{"rendered":"<p>(P\u00e4ivitetty 1.1.2024) Kurssi t\u00e4ynn\u00e4!<\/p>\n","protected":false},"author":1,"featured_media":0,"parent":0,"menu_order":0,"comment_status":"closed","ping_status":"closed","template":"","meta":{"footnotes":""},"class_list":["post-19","page","type-page","status-publish","hentry"],"_links":{"self":[{"href":"http:\/\/www.juurikkahaanratsutila.fi\/index.php\/wp-json\/wp\/v2\/pages\/19","targetHints":{"allow":["GET"]}}],"collection":[{"href":"http:\/\/www.juurikkahaanratsutila.fi\/index.php\/wp-json\/wp\/v2\/pages"}],"about":[{"href":"http:\/\/www.juurikkahaanratsutila.fi\/index.php\/wp-json\/wp\/v2\/types\/page"}],"author":[{"embeddable":true,"href":"http:\/\/www.juurikkahaanratsutila.fi\/index.php\/wp-json\/wp\/v2\/users\/1"}],"replies":[{"embeddable":true,"href":"http:\/\/www.juurikkahaanratsutila.fi\/index.php\/wp-json\/wp\/v2\/comments?post=19"}],"version-history":[{"count":19,"href":"http:\/\/www.juurikkahaanratsutila.fi\/index.php\/wp-json\/wp\/v2\/pages\/19\/revisions"}],"predecessor-version":[{"id":271,"href":"http:\/\/www.juurikkahaanratsutila.fi\/index.php\/wp-json\/wp\/v2\/pages\/19\/revisions\/271"}],"wp:attachment":[{"href":"http:\/\/www.juurikkahaanratsutila.fi\/index.php\/wp-json\/wp\/v2\/media?parent=19"}],"curies":[{"name":"wp","href":"https:\/\/api.w.org\/{rel}","templated":true}]}}