{"id":17,"date":"2021-12-26T13:22:47","date_gmt":"2021-12-26T13:22:47","guid":{"rendered":"http:\/\/www.juurikkahaanratsutila.fi\/?page_id=17"},"modified":"2023-08-19T13:00:11","modified_gmt":"2023-08-19T13:00:11","slug":"hinnasto","status":"publish","type":"page","link":"http:\/\/www.juurikkahaanratsutila.fi\/index.php\/hinnasto\/","title":{"rendered":"Hinnasto"},"content":{"rendered":"\n<p>Hinnat sis\u00e4lt\u00e4v\u00e4t alv:n.<\/p>\n\n\n\n<p>Hevostoimintatunti 20\u20ac\/10krt<\/p>\n\n\n\n<p>Irtotunti 25\u20ac<\/p>\n\n\n\n<p>El\u00e4inavusteinen valmennus yksil\u00f6valmennuksena 60\u20ac<\/p>\n\n\n\n<p>Nepsy-valmennus yksil\u00f6valmennuksena 60 \u20ac<\/p>\n\n\n\n<p>Tilavierailu (kesto noin 1,5h) 124\u20ac<\/p>\n\n\n\n<p>Ryhm\u00e4valmennukset, kurssit ja kerhot hinnoitellaan tilannekohtaisesti.<\/p>\n\n\n\n<p>Meilt\u00e4 saa my\u00f6s lahjakortteja!<\/p>\n\n\n\n<figure class=\"wp-block-image size-large\"><img loading=\"lazy\" decoding=\"async\" width=\"768\" height=\"1024\" src=\"http:\/\/www.juurikkahaanratsutila.fi\/wp-content\/uploads\/2022\/06\/20220531_102553-768x1024.jpg\" alt=\"\" class=\"wp-image-207\" srcset=\"http:\/\/www.juurikkahaanratsutila.fi\/wp-content\/uploads\/2022\/06\/20220531_102553-768x1024.jpg 768w, http:\/\/www.juurikkahaanratsutila.fi\/wp-content\/uploads\/2022\/06\/20220531_102553-225x300.jpg 225w, http:\/\/www.juurikkahaanratsutila.fi\/wp-content\/uploads\/2022\/06\/20220531_102553-1152x1536.jpg 1152w, http:\/\/www.juurikkahaanratsutila.fi\/wp-content\/uploads\/2022\/06\/20220531_102553-1536x2048.jpg 1536w, http:\/\/www.juurikkahaanratsutila.fi\/wp-content\/uploads\/2022\/06\/20220531_102553-scaled.jpg 1920w\" sizes=\"auto, (max-width: 706px) 89vw, (max-width: 767px) 82vw, 740px\" \/><figcaption class=\"wp-element-caption\">Aapeli puutarhurin ty\u00f6ss\u00e4\u00e4n<\/figcaption><\/figure>\n","protected":false},"excerpt":{"rendered":"<p>Hinnat sis\u00e4lt\u00e4v\u00e4t alv:n. Hevostoimintatunti 20\u20ac\/10krt Irtotunti 25\u20ac El\u00e4inavusteinen valmennus yksil\u00f6valmennuksena 60\u20ac Nepsy-valmennus yksil\u00f6valmennuksena 60 \u20ac Tilavierailu (kesto noin 1,5h) 124\u20ac Ryhm\u00e4valmennukset, kurssit ja kerhot hinnoitellaan tilannekohtaisesti. Meilt\u00e4 saa my\u00f6s lahjakortteja!<\/p>\n","protected":false},"author":1,"featured_media":0,"parent":0,"menu_order":0,"comment_status":"closed","ping_status":"closed","template":"","meta":{"footnotes":""},"class_list":["post-17","page","type-page","status-publish","hentry"],"_links":{"self":[{"href":"http:\/\/www.juurikkahaanratsutila.fi\/index.php\/wp-json\/wp\/v2\/pages\/17","targetHints":{"allow":["GET"]}}],"collection":[{"href":"http:\/\/www.juurikkahaanratsutila.fi\/index.php\/wp-json\/wp\/v2\/pages"}],"about":[{"href":"http:\/\/www.juurikkahaanratsutila.fi\/index.php\/wp-json\/wp\/v2\/types\/page"}],"author":[{"embeddable":true,"href":"http:\/\/www.juurikkahaanratsutila.fi\/index.php\/wp-json\/wp\/v2\/users\/1"}],"replies":[{"embeddable":true,"href":"http:\/\/www.juurikkahaanratsutila.fi\/index.php\/wp-json\/wp\/v2\/comments?post=17"}],"version-history":[{"count":14,"href":"http:\/\/www.juurikkahaanratsutila.fi\/index.php\/wp-json\/wp\/v2\/pages\/17\/revisions"}],"predecessor-version":[{"id":261,"href":"http:\/\/www.juurikkahaanratsutila.fi\/index.php\/wp-json\/wp\/v2\/pages\/17\/revisions\/261"}],"wp:attachment":[{"href":"http:\/\/www.juurikkahaanratsutila.fi\/index.php\/wp-json\/wp\/v2\/media?parent=17"}],"curies":[{"name":"wp","href":"https:\/\/api.w.org\/{rel}","templated":true}]}}