{"id":10,"date":"2021-12-26T13:22:47","date_gmt":"2021-12-26T13:22:47","guid":{"rendered":"http:\/\/www.juurikkahaanratsutila.fi\/?page_id=10"},"modified":"2022-06-06T16:18:57","modified_gmt":"2022-06-06T16:18:57","slug":"tietoja","status":"publish","type":"page","link":"http:\/\/www.juurikkahaanratsutila.fi\/index.php\/tietoja\/","title":{"rendered":"Tietoja"},"content":{"rendered":"\n<figure class=\"wp-block-image size-large\"><img loading=\"lazy\" decoding=\"async\" width=\"684\" height=\"1024\" src=\"http:\/\/www.juurikkahaanratsutila.fi\/wp-content\/uploads\/2022\/06\/IMG-20200807-WA0018-684x1024.jpg\" alt=\"\" class=\"wp-image-233\" srcset=\"http:\/\/www.juurikkahaanratsutila.fi\/wp-content\/uploads\/2022\/06\/IMG-20200807-WA0018-684x1024.jpg 684w, http:\/\/www.juurikkahaanratsutila.fi\/wp-content\/uploads\/2022\/06\/IMG-20200807-WA0018-200x300.jpg 200w, http:\/\/www.juurikkahaanratsutila.fi\/wp-content\/uploads\/2022\/06\/IMG-20200807-WA0018-768x1151.jpg 768w, http:\/\/www.juurikkahaanratsutila.fi\/wp-content\/uploads\/2022\/06\/IMG-20200807-WA0018-1025x1536.jpg 1025w, http:\/\/www.juurikkahaanratsutila.fi\/wp-content\/uploads\/2022\/06\/IMG-20200807-WA0018.jpg 1068w\" sizes=\"auto, (max-width: 684px) 100vw, 684px\" \/><\/figure>\n\n\n\n<p>Juurikkahaan ratsutila on yrityksen\u00e4 ollut toiminnassa vuodesta 2019. Olemme j\u00e4rjest\u00e4neet ratsastustunteja, maastoratsastusta, heppakerhotoimintaa, kes\u00e4leirej\u00e4, kisoja ja muita tapahtumia. Olemme ponien kanssa my\u00f6s olleet tapahtumien talutusratsastuksissa mukana. <\/p>\n\n\n\n<p>Tilan pit\u00e4j\u00e4ll\u00e4 P\u00e4ivill\u00e4 on l\u00e4hes ik\u00e4ns\u00e4 pituinen kokemus hevosista ja muista el\u00e4imist\u00e4. Nuorena P\u00e4ivi kilpaili esteratsastajana. Pohjakoulutukseltaan P\u00e4ivi on sairaanhoitaja ja kouluttautunut my\u00f6s hevosharrasteohjaajaksi. Lis\u00e4ksi P\u00e4ivi on kouluttautunut el\u00e4inavusteiseksi valmentajaksi sek\u00e4 nepsy-valmentajaksi. N\u00e4iden koulutusten ja kokemusten my\u00f6t\u00e4 el\u00e4inavusteinen ty\u00f6skentely on muodostunut tilalle t\u00e4rke\u00e4ksi toiminnaksi. <\/p>\n\n\n\n<p>Meille t\u00e4rke\u00e4\u00e4 on luonnon, el\u00e4inten ja ihmisten kunnioittaminen sek\u00e4 arvostaminen. Toimintamme on positiivista, kannustavaa, tavoitteellista ja ammatillista. Teemme harjoituksia luonnossa sen kiertokulkua ja vuodenaikoja seuraten. Otamme toiveita huomioon ja kuuntelemme toiminnassamme aina my\u00f6s el\u00e4int\u00e4 sek\u00e4 annamme el\u00e4inten tehd\u00e4 valintoja.<\/p>\n\n\n\n<p><strong>Koulutukset:<\/strong><\/p>\n\n\n\n<p>Sairaanhoitaja amk (2008)<\/p>\n\n\n\n<p>Hevosharrasteohjaaja (2019)<\/p>\n\n\n\n<p>El\u00e4inavusteinen valmentaja (2022)<\/p>\n\n\n\n<p>Nepsy-valmentaja (2022)<\/p>\n\n\n\n<p><strong>Muita koulutuksia:<\/strong><\/p>\n\n\n\n<p>Peruskengityksen tekeminen (2014)<\/p>\n\n\n\n<p>Pararatsastuksen avustajakurssi (2019)<\/p>\n\n\n\n<p>Mind fullness hevosen kanssa -kurssi (2021)<\/p>\n\n\n\n<p>Green Care -perusteet (2022)<\/p>\n\n\n\n<p>Ensiapukoulutus (voimassa)<\/p>\n","protected":false},"excerpt":{"rendered":"<p>Juurikkahaan ratsutila on yrityksen\u00e4 ollut toiminnassa vuodesta 2019. Olemme j\u00e4rjest\u00e4neet ratsastustunteja, maastoratsastusta, heppakerhotoimintaa, kes\u00e4leirej\u00e4, kisoja ja muita tapahtumia. Olemme ponien kanssa my\u00f6s olleet tapahtumien talutusratsastuksissa mukana. Tilan pit\u00e4j\u00e4ll\u00e4 P\u00e4ivill\u00e4 on l\u00e4hes ik\u00e4ns\u00e4 pituinen kokemus hevosista ja muista el\u00e4imist\u00e4. Nuorena P\u00e4ivi kilpaili esteratsastajana. Pohjakoulutukseltaan P\u00e4ivi on sairaanhoitaja ja kouluttautunut my\u00f6s hevosharrasteohjaajaksi. Lis\u00e4ksi P\u00e4ivi on kouluttautunut el\u00e4inavusteiseksi &hellip; <\/p>\n<p class=\"link-more\"><a href=\"http:\/\/www.juurikkahaanratsutila.fi\/index.php\/tietoja\/\" class=\"more-link\">Jatka lukemista<span class=\"screen-reader-text\"> &#8221;Tietoja&#8221;<\/span><\/a><\/p>\n","protected":false},"author":1,"featured_media":0,"parent":0,"menu_order":0,"comment_status":"closed","ping_status":"closed","template":"","meta":{"footnotes":""},"class_list":["post-10","page","type-page","status-publish","hentry"],"_links":{"self":[{"href":"http:\/\/www.juurikkahaanratsutila.fi\/index.php\/wp-json\/wp\/v2\/pages\/10","targetHints":{"allow":["GET"]}}],"collection":[{"href":"http:\/\/www.juurikkahaanratsutila.fi\/index.php\/wp-json\/wp\/v2\/pages"}],"about":[{"href":"http:\/\/www.juurikkahaanratsutila.fi\/index.php\/wp-json\/wp\/v2\/types\/page"}],"author":[{"embeddable":true,"href":"http:\/\/www.juurikkahaanratsutila.fi\/index.php\/wp-json\/wp\/v2\/users\/1"}],"replies":[{"embeddable":true,"href":"http:\/\/www.juurikkahaanratsutila.fi\/index.php\/wp-json\/wp\/v2\/comments?post=10"}],"version-history":[{"count":17,"href":"http:\/\/www.juurikkahaanratsutila.fi\/index.php\/wp-json\/wp\/v2\/pages\/10\/revisions"}],"predecessor-version":[{"id":238,"href":"http:\/\/www.juurikkahaanratsutila.fi\/index.php\/wp-json\/wp\/v2\/pages\/10\/revisions\/238"}],"wp:attachment":[{"href":"http:\/\/www.juurikkahaanratsutila.fi\/index.php\/wp-json\/wp\/v2\/media?parent=10"}],"curies":[{"name":"wp","href":"https:\/\/api.w.org\/{rel}","templated":true}]}}